ors of p - (-1 + -1) - (-960)/8?
2, 61
Suppose m + 45 = -4*u + 5, -3*m - 10 = u. Let w(v) = -90*v - 33. List the prime factors of w(u).
3, 17
Suppose -5*d - 4*m - 3377 + 947 = 0, 5*d + m = -2445. Let h = -288 - d. What are the prime factors of h?
2, 101
Suppose 18333 = 6*j - 3*f, -9*j = -4*j - 5*f - 15270. List the prime factors of j.
3, 1019
Let y = 24166 + -8415. List the prime factors of y.
19, 829
Let o = 19122 + 21698. What are the prime factors of o?
2, 5, 13, 157
Let l be (-3 + 5)/(5*(-6)/(-195)). Suppose 0 = l*r - 15*r + 1724. What are the prime factors of r?
2, 431
Suppose -95*o = 5*i - 92*o - 49666, -4*i = o - 39730. What are the prime factors of i?
2, 13, 191
Let c(i) = -37*i**2 + 11. Let x be c(5). Let m = 1562 + x. What are the prime factors of m?
2, 3
Suppose 0 = -3*d + 4*f - 3, -3*d - 2*f - 8 + 23 = 0. Let k be -4 - (12/(16/4) - d). List the prime factors of 785/3 + k/6.
3, 29
Suppose -r = 6 - 10. Suppose -r*a - p + 3*p + 126 = 0, 4*a - 123 = -p. Let i = 123 - a. What are the prime factors of i?
2, 23
Suppose 46*b + 24590 = 77550 + 30162. List the prime factors of b.
13, 139
Let z(p) = -p**2 + 13*p - 8. Let q be z(7). Suppose -12 = -2*k - 3*m, -5*m + q - 9 = 5*k. What are the prime factors of k/12 + 3954/24?
3, 5, 11
Let d(m) = m**3 - 4*m**2 - 21*m. Let x be d(7). Suppose 11*n = -x*n + 2915. What are the prime factors of n?
5, 53
Suppose -j = 1, 5*j + 6525 + 242 = c. List the prime factors of c.
2, 3, 7, 23
Let y(f) be the third derivative of 2*f**4 + 5*f**3/3 + 92*f**2 + f. What are the prime factors of y(20)?
2, 5, 97
Let m be ((-3)/(-6))/((-7)/(-84)). Suppose 3*g + m*y - 3*y - 2022 = 0, 2*y + 1348 = 2*g. List the prime factors of g.
2, 337
Suppose b = 630 - 1012. Let n = 87 - b. What are the prime factors of n?
7, 67
Let s = -103953 + 175216. List the prime factors of s.
71263
Let c(d) = -4*d + 25. Let v be 0*((0 - 15/6) + 2). Let g be c(v). Suppose 2*j + 4*k + k = 183, -5*k + g = 0. What are the prime factors of j?
79
Let t(o) = -o**3 - 6*o**2 - 13*o - 7. Suppose 25 = -24*s + 29*s. Suppose -p = -3*q - 15, -3*p - s = q - 0. List the prime factors of t(q).
3, 11
Let g = 215 + -219. What are the prime factors of 1880/(-10)*g/8?
2, 47
What are the prime factors of 1216*2604/112 - 1/((-1)/6)?
2, 3, 1571
Suppose 29969 = 2*z - 5*g, -75062 = -5*z + 2*g - 87. What are the prime factors of z?
3, 4999
Suppose -171033 = -3*c - 4*l, -9*l = -14*l - 45. What are the prime factors of c?
127, 449
Suppose -2395 + 365 = -5*i - 5*v, 3*i = v + 1218. Let w be (-1 + 1)/4*-1. Suppose -2*c + 0*s = -2*s - i, w = -5*c - 4*s + 1006. What are the prime factors of c?
2, 101
Suppose -5*t = -61*s + 66*s - 87720, 0 = -s + 2*t + 17520. What are the prime factors of s?
2, 137
Suppose -4*x = -3*x + 4*x. Suppose x = -4*w + q + 1911, 0 = 3*w + 8*q - 4*q - 1419. List the prime factors of w.
3, 53
Let z(c) = c + 3. Let m(q) = -11*q - 549. Let p(s) = -m(s) - 3*z(s). List the prime factors of p(-12).
2, 3, 37
Let s(u) = 15*u**3 + 30*u**3 + 4 + 8*u**3 - 2*u**2 - 3*u. List the prime factors of s(1).
2, 13
Let s be 27/6*(-12)/9*1. What are the prime factors of (-70)/(-11 - s)*29?
2, 7, 29
Let g = 1644 - -1772. What are the prime factors of g?
2, 7, 61
Let o = -92 - -96. Suppose -o*p = -14*p + 50. Suppose 187 = 3*y + p*q, -2*y + 152 = y - 2*q. List the prime factors of y.
2, 3
Suppose -5*o - h + 9241 = 0, 4*o - 2*o - 3710 = 3*h. What are the prime factors of o?
43
Suppose 3*f + f = 152. Suppose -185 - 375 = 14*b. Let g = f - b. List the prime factors of g.
2, 3, 13
Let m(y) = 24*y**2 - 3*y - 33. Let l be m(-7). Suppose -6*q + 3870 - l = 0. List the prime factors of q.
11, 41
Suppose -32*z + 253716 = -20*z. List the prime factors of z.
21143
Suppose -211*m - 3700 = -216*m. Suppose m = -9*w + 2387. What are the prime factors of w?
3, 61
Let t = 6 - 6. Suppose b - 6*b - 5*h + 5 = t, 2*b = 3*h + 12. List the prime factors of (-4 - (-12)/b) + (174 - -2).
2, 11
Let k be 3 - 1 - -21*(-8)/6. Let h = k + 33. Suppose -2*q = -h*q - 20, -4*q = 4*y - 172. What are the prime factors of y?
47
Suppose -2*n + 4546 = v, 103*n - 106*n + 3*v = -6855. List the prime factors of n.
3, 11, 23
Suppose -l = -0 - 5. Suppose -3*g - 2*d - 253 = 0, -3*g + l*d = -g + 137. Let a = g - -221. List the prime factors of a.
2, 5, 7
Let u(d) = 2*d**2 - d + 23. Let r be 6*35/15 + -3. What are the prime factors of u(r)?
2, 127
Let u be 1*((-1)/(-2))/((-4)/8). List the prime factors of ((3 - 2)*u)/(12/(-3948)).
7, 47
Let c(h) = 74*h - 74*h + 8*h**2 - 12. List the prime factors of c(-6).
2, 3, 23
Suppose -3*k + 1 = -4*k, 4*p + 140 = 4*k. Let c be 79 + -2 + (-4)/(-1) + -1. Let g = c + p. List the prime factors of g.
2, 11
Let k(n) = -2*n**3 + n**2 - 46*n + 5847. List the prime factors of k(0).
3, 1949
Suppose 66921 - 410153 = -31*m. List the prime factors of m.
2, 173
Let s = -25277 - -45207. List the prime factors of s.
2, 5, 1993
Let r be ((175/(-10))/(-7))/(1/(-6)). Let b = 10 - r. Let n = 127 - b. List the prime factors of n.
2, 3, 17
Let m be -3*((-3712)/24 - 6). What are the prime factors of 3 - (m/4)/((-2)/8)?
5, 97
Suppose 119748 = 25*i + 50373. List the prime factors of 2 - (3 + i/(-5)).
2, 277
List the prime factors of 33/(1485/156402) - (-4)/10.
2, 11, 79
Suppose -4*l + l = -849. Let q = l + -134. List the prime factors of q.
149
Let r(p) = 3*p**3 + 2*p**2 - 2*p + 6179. List the prime factors of r(0).
37, 167
Suppose -1255625 = 48*w - 5195177. What are the prime factors of w?
2, 3, 13679
Suppose y - 2*y = -192. Suppose -3*j - 2*v = 33 - 27, j - 3*v - 9 = 0. Suppose -5*q + 11*q - y = j. What are the prime factors of q?
2
Let r(c) be the third derivative of 0 + 23*c**2 + 0*c + 13/6*c**3 + 1/4*c**4. List the prime factors of r(8).
61
Suppose 145*q = 141*q. Suppose 6*d + 4*g = 5*d + 209, 2*d + 5*g - 424 = q. List the prime factors of (0 - -2)*(d/14 + -3).
5
Suppose 3*w - 8 - 12 = -5*m, 0 = -2*w - m + 11. Let j(a) = 18*a**2 + 10*a - 6. What are the prime factors of j(w)?
2, 13, 19
Suppose -q + 4*f + f + 51 = 0, 0 = 3*q - 4*f - 197. Let u = q + 456. What are the prime factors of u?
17, 31
List the prime factors of 8 - ((-8)/80 + 35269/(-10)).
5, 7, 101
Let y(z) = -z**2 + z - 1. Let s(q) = 57*q**2 - 16*q + 29. Let h(l) = s(l) + 3*y(l). What are the prime factors of h(3)?
11, 43
Let j = 425 + -108. Suppose -n = u - 482, n - 3*u = 795 - j. What are the prime factors of n?
13, 37
Suppose -6*c + 607 = -1127. Let x = -91 + c. List the prime factors of x.
2, 3, 11
Let i = 10413 + 33063. List the prime factors of i.
2, 3, 3623
Let v = 50 - 29. Suppose 5*m = -1 + v. Suppose 2*o = m*o - g - 124, 5*o = 3*g + 312. What are the prime factors of o?
2, 3, 5
Let i(u) = 4*u**3 - 10*u**2 - 17*u - 35. What are the prime factors of i(18)?
7, 13, 31
Let s be -87 - -12*(-1)/3. Let w = s - -214. What are the prime factors of w?
3, 41
Let y(k) = 686*k**3 + 3*k**2 - 6*k + 7. What are the prime factors of y(2)?
5, 7, 157
Let x(d) = -d**2 - 3*d + 40. Let z be x(-8). Suppose 7*j - 9*j + 398 = z. What are the prime factors of j?
199
Let q(x) = 33*x**2 - 44*x + 154. List the prime factors of q(15).
11, 17, 37
Let m(n) be the first derivative of 2*n**3 + 2*n**2 + 5*n - 16. Let c(q) = -q**2 - 3*q + 14. Let b be c(-6). List the prime factors of m(b).
5, 17
Let j(n) = 599*n - 176. Let l be j(7). Suppose 5*f - 3*f - l = -3*c, -3*f + 2*c = -6019. What are the prime factors of f?
3, 223
Let c(r) = 9*r**3 - 2*r**2 + 6*r - 1. Let m be c(-3). Let w = m + 506. What are the prime factors of w?
2, 113
Suppose -3*y = -9, -7*z + 11*z = 3*y + 27663. List the prime factors of z.
2, 3, 1153
Let v = -58 - -58. Suppose v = -2*u - 3*o + 612, -5*u + 0*o + 1480 = -5*o. List the prime factors of u.
2, 3, 5
Let g(t) = -t**3 + 22*t**2 + 49*t + 65. Let o be g(22). Let s = o - -253. List the prime factors of s.
2, 349
Suppose 0 = 11*c - 2*c + 270. What are the prime factors of 11/(55/c) + 768?
2, 3, 127
Suppose -55*l - 76891 = -5*y - 58*l, -4*y + 61482 = -2*l. List the prime factors of y.
2, 7687
Let j = 173 - 171. Suppose 5*y - 339 = -z, -j*z = y - 2*y - 645. What are the prime factors of z?
2, 3
Let m be -9*(-2 - -4 - 76/(-3)). What are the prime factors of -4*(-3)/(-9)*m?
2, 41
Let m = -296 + 298. Suppose -3*c = -0*b + 5*b - 1852, -m*c = 3*b - 1111. List t